ime factors of 8454025?
5, 338161
List the prime factors of 249295.
5, 73, 683
List the prime factors of 11947589.
11947589
List the prime factors of 217275.
3, 5, 2897
What are the prime factors of 232823?
232823
What are the prime factors of 3739338?
2, 3, 69247
What are the prime factors of 35198063?
37, 951299
What are the prime factors of 330691?
347, 953
List the prime factors of 19176.
2, 3, 17, 47
List the prime factors of 168095.
5, 33619
What are the prime factors of 5218302?
2, 3, 869717
What are the prime factors of 1222483?
1222483
List the prime factors of 3564450.
2, 3, 5, 89
What are the prime factors of 1453357?
43, 73, 463
What are the prime factors of 20844104?
2, 1423, 1831
List the prime factors of 17983809.
3, 666067
List the prime factors of 5756095.
5, 23, 50053
What are the prime factors of 772540?
2, 5, 19, 107
List the prime factors of 11942597.
11942597
What are the prime factors of 3259731?
3, 461, 2357
List the prime factors of 576803.
67, 8609
List the prime factors of 63176.
2, 53, 149
What are the prime factors of 467921?
293, 1597
What are the prime factors of 66581?
139, 479
What are the prime factors of 4946112?
2, 3, 31, 277
What are the prime factors of 14986461?
3, 7, 647, 1103
List the prime factors of 22495340.
2, 5, 7, 160681
List the prime factors of 281906.
2, 47, 2999
What are the prime factors of 839853?
3, 7, 13331
What are the prime factors of 411521?
11, 19, 179
List the prime factors of 217594.
2, 13, 8369
What are the prime factors of 4417004?
2, 31, 179, 199
What are the prime factors of 5517276?
2, 3, 257, 1789
What are the prime factors of 20368530?
2, 3, 5, 7, 13, 829
What are the prime factors of 6505961?
7, 11, 19, 4447
List the prime factors of 11969132.
2, 7, 79, 773
List the prime factors of 444802.
2, 29, 7669
List the prime factors of 1323220.
2, 5, 66161
What are the prime factors of 5281127?
337, 15671
List the prime factors of 1234410.
2, 3, 5, 23, 1789
List the prime factors of 143267.
23, 6229
What are the prime factors of 198036?
2, 3, 5501
What are the prime factors of 1800069?
3, 149, 4027
List the prime factors of 1974547.
1974547
What are the prime factors of 783962?
2, 101, 3881
List the prime factors of 938113.
11, 7753
What are the prime factors of 1775195?
5, 355039
List the prime factors of 10836088.
2, 101, 13411
List the prime factors of 3145681.
7, 11, 40853
What are the prime factors of 106601?
11, 881
List the prime factors of 24642698.
2, 43, 286543
List the prime factors of 3193092.
2, 3, 7, 12671
What are the prime factors of 1011323?
211, 4793
What are the prime factors of 1106975?
5, 44279
What are the prime factors of 16306831?
3089, 5279
List the prime factors of 352709.
7, 50387
List the prime factors of 8583997.
17, 73, 6917
What are the prime factors of 301331?
301331
What are the prime factors of 252437?
41, 47, 131
List the prime factors of 635559.
3, 23, 61, 151
What are the prime factors of 7198684?
2, 17, 105863
What are the prime factors of 1331919?
3, 19, 7789
What are the prime factors of 5051839?
13, 17, 22859
What are the prime factors of 1037959?
13, 79843
What are the prime factors of 79633?
79633
List the prime factors of 2192319.
3, 81197
What are the prime factors of 5969581?
23, 259547
What are the prime factors of 1539159?
3, 513053
List the prime factors of 836676.
2, 3, 61, 127
List the prime factors of 1330052.
2, 332513
List the prime factors of 1934828.
2, 7, 43, 1607
List the prime factors of 19113.
3, 23, 277
List the prime factors of 593078.
2, 23, 12893
List the prime factors of 1774747.
13, 136519
What are the prime factors of 20044162?
2, 29, 41, 8429
List the prime factors of 1871012.
2, 11, 13, 3271
List the prime factors of 259124.
2, 64781
What are the prime factors of 1211246?
2, 139, 4357
List the prime factors of 394266.
2, 3, 23, 2857
What are the prime factors of 8066921?
1021, 7901
What are the prime factors of 92005?
5, 18401
What are the prime factors of 3075954?
2, 3, 7, 73237
What are the prime factors of 1561904?
2, 31, 47, 67
What are the prime factors of 10158937?
307, 33091
List the prime factors of 537740.
2, 5, 7, 23, 167
List the prime factors of 1770590.
2, 5, 59, 3001
What are the prime factors of 960406?
2, 480203
List the prime factors of 6558791.
6558791
What are the prime factors of 81576?
2, 3, 11, 103
List the prime factors of 41800.
2, 5, 11, 19
What are the prime factors of 11314119?
3, 37, 101929
List the prime factors of 294025.
5, 19, 619
List the prime factors of 2052882.
2, 3, 13, 31, 283
What are the prime factors of 1173922?
2, 586961
List the prime factors of 585269.
585269
List the prime factors of 486850.
2, 5, 7, 13, 107
List the prime factors of 461003.
43, 71, 151
List the prime factors of 1649913.
3, 31, 113, 157
List the prime factors of 121552.
2, 71, 107
List the prime factors of 7206300.
2, 3, 5, 17, 157
What are the prime factors of 335431?
509, 659
List the prime factors of 16235708.
2, 29, 67, 2089
List the prime factors of 59438.
2, 113, 263
List the prime factors of 5565292.
2, 1391323
List the prime factors of 23696283.
3, 13, 17, 103, 347
List the prime factors of 5005724.
2, 1251431
List the prime factors of 11980040.
2, 5, 299501
What are the prime factors of 1013592?
2, 3, 157, 269
List the prime factors of 9373862.
2, 4686931
What are the prime factors of 1615646?
2, 17, 19, 41, 61
What are the prime factors of 2746921?
2746921
List the prime factors of 305822.
2, 11, 13901
List the prime factors of 253908.
2, 3, 2351
What are the prime factors of 6111178?
2, 3055589
What are the prime factors of 5022944?
2, 156967
List the prime factors of 1263805.
5, 252761
What are the prime factors of 144354?
2, 3, 7, 491
List the prime factors of 19080237.
3, 11, 19, 30431
List the prime factors of 20360.
2, 5, 509
What are the prime factors of 2004519?
3, 11, 19, 23, 139
What are the prime factors of 505873?
61, 8293
What are the prime factors of 2487533?
29, 31, 2767
What are the prime factors of 131413?
131413
List the prime factors of 4642385.
5, 11, 84407
List the prime factors of 11754209.
2129, 5521
What are the prime factors of 2999257?
37, 103, 787
List the prime factors of 261817.
17, 15401
List the prime factors of 4745877.
3, 19, 139, 599
What are the prime factors of 1351?
7, 193
What are the prime factors of 1797352?
2, 224669
What are the prime factors of 13070762?
2, 23, 67, 4241
What are the prime factors of 2363835?
3, 5, 59, 2671
List the prime factors of 538921.
538921
What are the prime factors of 464767?
464767
What are the prime factors of 167515?
5, 33503
List the prime factors of 1957047.
3, 23, 113, 251
What are the prime factors of 2681561?
2681561
List the prime factors of 10040378.
2, 5020189
List the prime factors of 7659868.
2, 1914967
List the prime factors of 305250.
2, 3, 5, 11, 37
What are the prime factors of 9731411?
73, 109, 1223
List the prime factors of 5242018.
2, 17, 53, 2909
What are the prime factors of 320178?
2, 3, 17, 43, 73
List the prime factors of 84567.
3, 7, 4027
What are the prime factors of 9270938?
2, 47, 98627
What are the prime factors of 25306104?
2, 3, 71, 14851
List the prime factors of 836367.
3, 7, 39827
List the prime factors of 695835.
3, 5, 7, 47
What are the prime factors of 2752189?
11, 250199
List the prime factors of 15550612.
2, 7, 11, 29, 1741
What are the prime factors of 227332?
2, 7, 23, 353
List the prime factors of 685461.
3, 7, 4663
List the prime factors of 33491538.
2, 3, 1860641
What are the prime factors of 875776?
2, 11, 311
What are the prime factors of 143274?
2, 3, 23879
What are the prime factors of 658205?
5, 131641
List the prime factors of 181121.
71, 2551
List the prime factors of 2392019.
7, 17, 20101
What are the prime factors of 1216520?
2, 5, 17, 1789
What are the prime factors of 998460?
2, 3, 5, 43
What are the prime factors of 6038678?
2, 3019339
What are the prime factors of 15487806?
2, 3, 449, 5749
What are the prime factors of 21740344?
2, 229, 11867
What are the prime factors of 4361567?
7, 83, 7507
What are the prime factors of 27605?
5, 5521
What are the prime factors of 446470?
2, 5, 44647
List the prime factors of 101525.
5, 31, 131
List the prime factors of 1464137.
14